e highest common factor of 179929330 and 350.
70
Calculate the highest common factor of 375820 and 4600.
460
Calculate the greatest common factor of 1680 and 23912000.
560
What is the highest common factor of 1574 and 24300986?
1574
Calculate the highest common divisor of 7957954 and 3036.
46
What is the highest common factor of 16130 and 156393254?
3226
What is the highest common factor of 540 and 438966?
54
Calculate the highest common divisor of 577643 and 255.
17
Calculate the greatest common factor of 162 and 4114566.
18
Calculate the greatest common factor of 26094772 and 66.
22
What is the greatest common factor of 312345322 and 712?
178
Calculate the highest common divisor of 342848 and 138448.
16
Calculate the greatest common divisor of 1461918786 and 4259.
4259
What is the greatest common divisor of 33466 and 64061?
29
What is the highest common factor of 7738536 and 20280?
312
Calculate the greatest common factor of 8643654 and 324.
18
What is the highest common factor of 97840 and 104848?
16
Calculate the greatest common divisor of 2853972 and 71676.
396
What is the highest common factor of 274 and 11197558?
274
What is the highest common factor of 792451 and 172447?
671
What is the highest common divisor of 76302780 and 93?
93
What is the greatest common factor of 225 and 32739825?
75
What is the highest common divisor of 627049 and 653317?
199
Calculate the greatest common factor of 18678540 and 12738.
1158
What is the highest common factor of 1805 and 274165060?
1805
Calculate the greatest common divisor of 161177872 and 2768.
2768
Calculate the greatest common factor of 116 and 2657386.
58
Calculate the greatest common factor of 2669532 and 204.
12
Calculate the greatest common factor of 144 and 3959748.
36
Calculate the highest common divisor of 114 and 25092996.
114
Calculate the greatest common factor of 20169 and 1429509.
249
Calculate the greatest common divisor of 276801168 and 8.
8
What is the highest common divisor of 16191696 and 18?
6
Calculate the highest common divisor of 1230 and 526035.
15
Calculate the highest common divisor of 21750 and 460999950.
4350
What is the highest common divisor of 148 and 16995358?
74
Calculate the greatest common divisor of 48944 and 1278928.
2128
Calculate the highest common factor of 81143 and 4338854.
1531
Calculate the highest common factor of 300 and 351775.
25
Calculate the greatest common factor of 350880 and 480.
480
What is the highest common factor of 12654 and 17406?
18
What is the highest common divisor of 36423936 and 8?
8
Calculate the greatest common divisor of 58652 and 300784.
44
What is the greatest common factor of 154 and 3086594?
14
Calculate the highest common divisor of 3287 and 3648133.
19
What is the highest common divisor of 6320558 and 2718?
302
What is the highest common factor of 2212 and 16567327?
553
What is the highest common divisor of 20917 and 40216955?
1609
What is the greatest common divisor of 8535 and 541119?
1707
What is the highest common factor of 2188 and 159092?
4
Calculate the greatest common factor of 6998 and 7226.
2
What is the greatest common divisor of 170805747 and 84?
21
Calculate the greatest common divisor of 42437993 and 533.
533
What is the greatest common divisor of 15827 and 3227?
7
Calculate the highest common divisor of 2132 and 7701317.
533
Calculate the greatest common factor of 28 and 153035834.
14
Calculate the highest common factor of 533 and 1424007.
13
Calculate the greatest common divisor of 51177 and 13587.
21
Calculate the highest common factor of 140648056 and 24.
8
What is the greatest common divisor of 27993 and 208464?
129
What is the highest common divisor of 3408 and 858960?
48
Calculate the highest common divisor of 2090 and 12961135.
1045
Calculate the greatest common factor of 9639 and 158004.
189
Calculate the highest common divisor of 3032244 and 5688.
36
What is the greatest common divisor of 1179217 and 1313?
13
Calculate the highest common divisor of 316454504 and 2.
2
Calculate the greatest common divisor of 344 and 277103696.
344
What is the greatest common divisor of 20 and 130122060?
20
Calculate the highest common factor of 20378069 and 4071.
1357
What is the highest common factor of 152 and 34277976?
152
Calculate the greatest common divisor of 50 and 36842590.
10
What is the greatest common factor of 595744702 and 15436?
7718
Calculate the greatest common factor of 4405 and 3195.
5
Calculate the greatest common divisor of 2112 and 612384.
96
Calculate the highest common factor of 261944265 and 1245.
1245
Calculate the highest common divisor of 348 and 115728.
12
What is the highest common divisor of 5400 and 3489?
3
Calculate the highest common divisor of 4253287 and 11147.
157
What is the greatest common factor of 46208640 and 2255?
205
Calculate the highest common factor of 417307 and 8359.
643
What is the greatest common divisor of 936 and 1300492674?
234
Calculate the highest common divisor of 6 and 747874.
2
What is the highest common divisor of 1018 and 11574151?
509
Calculate the highest common divisor of 31976871 and 3.
3
What is the highest common divisor of 81471 and 1320657?
39
Calculate the highest common divisor of 10991 and 593893.
379
What is the greatest common divisor of 31074816 and 9216?
1536
Calculate the highest common factor of 24 and 456772664.
8
Calculate the greatest common factor of 123390 and 1518615.
135
Calculate the greatest common factor of 10240434 and 144.
18
Calculate the greatest common factor of 1382927 and 154141.
2171
What is the greatest common factor of 646 and 3115692?
34
What is the highest common factor of 428 and 9948?
4
What is the greatest common divisor of 61296812 and 19?
19
Calculate the greatest common factor of 26976336 and 48.
48
Calculate the highest common factor of 49278 and 1073229.
573
What is the greatest common factor of 28070234 and 91098?
482
Calculate the highest common factor of 148 and 25177464.
148
Calculate the highest common factor of 1033017 and 4023.
447
Calculate the highest common factor of 58 and 245409107.
29
What is the highest common divisor of 3774 and 6586888?
1258
Calculate the greatest common divisor of 69495 and 1750935.
1695
Calculate the greatest common divisor of 3581149 and 20605.
4121
What is the highest common divisor of 1173180 and 2640?
60
Calculate the highest common factor of 2424 and 18446640.
2424
What is the highest common factor of 222 and 131084118?
222
What is the greatest common factor of 8296 and 31479172?
4148
What is the greatest common factor of 211 and 788263295?
211
What is the greatest common factor of 12525832 and 1221?
407
What is the greatest common factor of 684 and 14231520?
36
Calculate the greatest common divisor of 2908794 and 462.
42
Calculate the greatest common factor of 186668524 and 28.
28
Calculate the greatest common divisor of 79950845 and 26.
13
What is the greatest common factor of 19965138 and 96?
6
Calculate the greatest common factor of 6 and 439702.
2
What is the greatest common factor of 251823 and 321?
3
Calculate the highest common divisor of 350624988 and 882.
882
Calculate the highest common divisor of 134326 and 4982.
94
Calculate the highest common divisor of 11921664 and 89088.
768
What is the highest common factor of 2510836 and 188?
4
Calculate the highest common factor of 270 and 5853843.
27
What is the greatest common factor of 3531388225 and 925?
925
What is the highest common divisor of 31 and 1117611163?
31
Calculate the highest common factor of 6279 and 310983.
69
What is the highest common factor of 19167876 and 24?
12
Calculate the highest common factor of 21736 and 91718.
22
What is the highest common factor of 19960 and 2114762?
998
Calculate the greatest common factor of 1047816231 and 438.
219
Calculate the highest common factor of 252 and 23299479.
63
What is the greatest common factor of 4604 and 1027700276?
4604
Calculate the greatest common divisor of 224 and 24015656.
56
What is the greatest common divisor of 161139968 and 32?
32
What is the highest common factor of 202316 and 27528?
148
Calculate the greatest common divisor of 3930330222 and 14.
14
What is the greatest common divisor of 151069500 and 162?
18
What is the highest common facto